mine z(1).
-1
Let f(u) = 7*u**2 - u + 2. Calculate f(-2).
32
Let h(o) = -2*o**2 - 36*o - 64. Determine h(-16).
0
Let y(t) = -4*t + 18. What is y(10)?
-22
Let t(d) = -d**2 + 20*d - 90. Calculate t(6).
-6
Let g(w) = -3*w**2 + 31*w + 13. What is g(11)?
-9
Let g(d) = -d**2 - 13*d - 5. What is g(-12)?
7
Let u(p) = -p**2 + p + 59. Calculate u(-7).
3
Let d(x) = x + 21. Calculate d(8).
29
Let q(h) = h**3 - h**2 + 3*h - 1. What is q(1)?
2
Let y(j) = j**3 + j**2 + 3*j + 6. Give y(-3).
-21
Let p(y) = y**2 + 47*y - 48. Determine p(1).
0
Let q(c) = -c**2 - 5*c - 5. Calculate q(-3).
1
Let g(k) = -2*k**2 + 4*k - 2. Calculate g(2).
-2
Let j(l) = -l**3 + 14*l**2 - 9*l + 20. Calculate j(13).
72
Let d(x) = -3*x + 7. Determine d(-2).
13
Let y(h) = h**2 - 23*h - 55. Determine y(25).
-5
Let z(f) = -f**3 + 4*f**2 + 7*f - 3. Calculate z(5).
7
Let h(m) = 3*m**2 - 24*m + 13. Determine h(7).
-8
Let h(p) = p. What is h(-5)?
-5
Let u(b) = b**2 - 6*b + 29. Calculate u(0).
29
Let l(w) = -3*w + 8. What is l(13)?
-31
Let w(n) = -n - 16. Give w(-8).
-8
Let n(w) = w**2 + 33*w + 76. Determine n(-30).
-14
Let m(w) = 2*w**2 + 10*w + 12. Give m(-6).
24
Let l(f) = -44*f - 278. Give l(-6).
-14
Let w(l) = l**3 + 5*l**2 + 4*l + 4. Determine w(-6).
-56
Let f(q) = -q**3 - 6*q**2 - 7*q - 4. Determine f(-5).
6
Let s(h) = -3*h + 1. Calculate s(-5).
16
Let k(g) = 11*g**3 - g**2 - 5*g + 2. What is k(2)?
76
Let d(c) = -7*c**2 - 123*c + 62. Determine d(-18).
8
Let y(c) = -c**3 - 42*c**2 - 40*c + 64. Give y(-41).
23
Let d(o) = -o - 11. What is d(8)?
-19
Let f(c) = -c**2 + 15*c + 94. Determine f(-5).
-6
Let n(b) = 8*b + 36. Calculate n(-7).
-20
Let q(r) = 5*r**2 + 9*r - 16. Determine q(-5).
64
Let q(c) = -24*c - 177. Calculate q(-7).
-9
Let g(w) = 2*w**2 - 3*w + 13. Calculate g(-6).
103
Let w(i) = 16*i + 41. Determine w(-3).
-7
Let y(o) = -2*o**2 - 34*o + 3. Give y(-16).
35
Let h(x) = x**3 - 5*x**2 - 3*x + 3. Determine h(5).
-12
Let x(r) = r**2 - r - 14. Give x(0).
-14
Let q(l) = 5*l - 70. Calculate q(10).
-20
Let m(d) = 117*d**3 - 4*d**2 - 4*d - 1. Determine m(-1).
-118
Let v(u) = 64*u - 701. What is v(11)?
3
Let i(f) = -47*f**2 + 2*f + 1. Calculate i(-1).
-48
Let b(u) = -6*u - 16. Give b(0).
-16
Let h(j) = j**3 + 3*j**2 + 2*j. What is h(-3)?
-6
Let w(t) = 165*t**2 + 16*t + 15. Calculate w(-1).
164
Let l(a) = -a**2 - 17*a - 8. What is l(-8)?
64
Let k(h) = 4*h**2 + 11*h + 10. Calculate k(-6).
88
Let j(a) = -a**2 + 14*a + 8. Determine j(15).
-7
Let m(t) = t**2 - 33*t + 100. Calculate m(27).
-62
Let c(y) = y + 5. Give c(-14).
-9
Let f(v) = -2*v**2 - 35*v + 25. Determine f(-15).
100
Let w(h) = 2*h**3 - 17*h**2 + 7*h + 2. Calculate w(8).
-6
Let y(r) = 7*r + 31. Determine y(-4).
3
Let r(v) = -2*v + 46. What is r(21)?
4
Let n(g) = g**3 + g**2 + 2*g. Give n(-2).
-8
Let a(o) = -o**3 + 8*o**2 - o + 20. Calculate a(8).
12
Let g(p) = -p**2 + 17*p + 34. Give g(0).
34
Let k(z) = 13*z + 318. Calculate k(-26).
-20
Let v(j) = j**3 + 16*j**2 + 12*j - 23. Determine v(-15).
22
Let u(f) = f - 8. Calculate u(14).
6
Let q(n) = n**3 - n**2 - 3*n - 2. Calculate q(-2).
-8
Let f(o) = -2*o + 16. What is f(22)?
-28
Let w(l) = l**2 - l. Calculate w(4).
12
Let o(l) = 13*l**2 + 3*l + 1. Calculate o(-2).
47
Let y(v) = -v**3 - 8*v**2 - 8*v. Determine y(-7).
7
Let g(p) = -p**2 - 35*p - 119. Determine g(-31).
5
Let h(i) = 2*i + 3. Determine h(26).
55
Let i(h) = -12*h + 160. What is i(13)?
4
Let w(c) = 2*c**2 - 25*c + 32. Determine w(11).
-1
Let s(v) = -3*v + 12. Determine s(6).
-6
Let x(w) = 2*w**2 + 11*w + 9. Calculate x(-5).
4
Let t(z) = z + 7. Determine t(4).
11
Let a(q) = 5*q**2 + 13*q + 8. What is a(-6)?
110
Let w(l) = -6*l + 2. Calculate w(2).
-10
Let u(j) = -2*j**2 + 6*j + 9. Determine u(6).
-27
Let o(t) = -5*t - 1. What is o(2)?
-11
Let t(k) = k**3 + 10*k**2 + 12*k - 37. Determine t(-8).
-5
Let z(q) = -q**2 - 8*q - 4. Give z(-7).
3
Let n(k) = k - 18. Determine n(7).
-11
Let a(s) = -s**2 + 11*s - 8. Give a(11).
-8
Let q(x) = -x**3 + 16*x**2 + 9. What is q(16)?
9
Let o(l) = 2*l + 31. Give o(-3).
25
Let d(t) = 10*t + 90. Give d(-9).
0
Let k(y) = -3*y**2 + 5*y - 5. Determine k(2).
-7
Let t(a) = -42*a**2 + 2*a + 3. Determine t(-1).
-41
Let j(i) = 37*i - 1. Determine j(-1).
-38
Let i(x) = x**2 - 3*x - 7. What is i(6)?
11
Let y(b) = -23*b - 44. Give y(-2).
2
Let a(z) = z**2 - 23*z - 42. Calculate a(23).
-42
Let l(v) = v**3 + 31*v**2 + 27*v - 85. Determine l(-30).
5
Let n(w) = -w**2 + 9*w + 8. Determine n(9).
8
Let c(v) = v**2 + 22*v + 11. Give c(-21).
-10
Let s(q) = 3*q**3 - 183*q**2 - 11. Determine s(61).
-11
Let b(s) = -s**2 - 32*s - 32. Calculate b(-31).
-1
Let a(o) = o**3 + o**2 - 6*o + 5. Give a(1).
1
Let k(z) = -z**2 + 12*z + 15. Calculate k(13).
2
Let b(w) = -10*w + 19. Calculate b(2).
-1
Let p(h) = -h**2 - 2*h + 2. Determine p(4).
-22
Let o(t) = t**3 + 9*t**2 - 6*t - 1. What is o(-9)?
53
Let f(y) = 2*y + 84. Calculate f(-28).
28
Let a(b) = b**2 - 2*b - 44. Give a(-8).
36
Let l(o) = o - 15. Determine l(0).
-15
Let s(b) = b**3 - 6*b**2 + 27*b - 154. What is s(6)?
8
Let c(w) = -2*w**2 + 42*w + 48. What is c(22)?
4
Let q(h) = -2*h**2 - 8*h - 8. Give q(-7).
-50
Let t(r) = r**2 - 47*r + 202. Calculate t(5).
-8
Let w(g) = -9*g**2 - 5*g + 2. Determine w(2).
-44
Let p(a) = a**2 + 15*a + 13. Determine p(-7).
-43
Let o(b) = -4*b + 90. Determine o(22).
2
Let x(j) = -2*j**3 - 7*j**2 - 9*j - 1. Give x(-2).
5
Let w(b) = 2*b**3 + b**2 + 15*b - 7. Calculate w(0).
-7
Let h(d) = -d**3 + 9*d**2 + 12*d - 16. Determine h(10).
4
Let s(z) = z**3 - 5*z**2 - 4*z + 2. Determine s(5).
-18
Let s(q) = -q**3 - 4*q**2 - 6*q - 7. Give s(-3).
2
Let u(t) = 12*t - 236. Determine u(20).
4
Let u(i) = -i**3 + 44*i**2 - i + 51. What is u(44)?
7
Let g(o) = -21*o - 259. Calculate g(-12).
-7
Let p(b) = b**3 - 9*b**2 - 12*b + 10. Calculate p(10).
-10
Let f(r) = -6*r**2 + 3*r - 2. What is f(2)?
-20
Let c(j) = 9*j**2 + 2*j + 3. What is c(-1)?
10
Let u(q) = q**2 + 16*q + 50. What is u(-10)?
-10
Let m(o) = -o**3 + 2*o**2 + 7. What is m(5)?
-68
Let c(i) = -19*i - 53. Determine c(-4).
23
Let h(t) = -2*t + 1. Calculate h(-4).
9
Let k(z) = z + 5. Determine k(4).
9
Let g(n) = -6*n + 72. Determine g(22).
-60
Let h(y) = -3*y + 7. What is h(5)?
-8
Let x(o) = -95*o + 662. Determine x(7).
-3
Let v(y) = y**3 + 22*y**2 + 2*y + 68. Calculate v(-22).
24
Let t(r) = r**3 - 8*r**2 - 5*r + 10. Determine t(8).
-30
Let g(k) = k**3 + k**2 - 2*k + 5. Give g(-3).
-7
Let r(w) = 19*w + 125. Calculate r(-6).
11
Let r(a) = -3*a - 54. What is r(-16)?
-6
Let i(q) = -q**2 - 34. Give i(0).
-34
Let a(r) = 14*r + 20. Calculate a(-1).
6
Let m(b) = b + 9. Calculate m(-5).
4
Let h(u) = -13*u + 1. What is h(-1)?
14
Let u(h) = 6*h**2 - 6*h - 2. What is u(5)?
118
Let s(q) = q**3 + 18*q**2 - 8. Determine s(-18).
-8
Let y(v) = -3*v - 3. Calculate y(7).
-24
Let l(k) = -k**3 - 21*k**2 - 22*k - 44. What is l(-20)?
-4
Let o(j) = -5*j**2 - 41*j + 21. What is o(-9)?
-15
Let r(s) = s**3 - 5*s**2 + 9*s - 10. Determine r(3).
-1
Let d(h) = -h**2 - h + 35. Determine d(5).
5
Let y(l) = 57*l**3 + 5*l**2 - 5*l + 2. Give y(1).
59
Let b(l) = 4*l. What is b(6)?
24
Let k(t) = -t**3 - 8*t**2 + 13*t - 12. What is k(-10)?
58
Let p(a) = -a**2 + 9*a + 20. Determine p(14).
-50
Let o(l) = l**2 + 13*l - 16. What is o(-14)?
-2
Let x(j) = -5*j + 74. Give x(25).
-51
Let b(x) = -48*x - 582. Give b(-12).
-6
Let t(n) = -n**3 + 6*n**2 + 19*n - 97. What is t(6)?
17
Let b(u) = u**3 - 2*u - 2. Give b(-3).
-23
Let v(y) = -17*y + 331. Give v(19).
8
Let u(q) = -4*q + 10. Calculate u(5).
-10
Let d(f) = 2*f**2 + 2*f + 2. What is d(-4)?
26
Let d(h) = -2*h - 1. Calculate d(-14).
27
Let h(r) = -r**3 + 35*r**2 - 36*r + 52. Determine h(34).
-16
Let y(w) = 3*w**2 + 80*w - 32. Determine y(-27).
-5
Let w(j) = -8*j + 27. What is w(8)?
-37
Let y(d) = -d**3 - d**2 + 3*d + 2. Give y(-1).
-1
Let t(b) = b**3 + 18*b**2 + 78*b - 14. Determine t(-8).
2
Let w(c) = 22*c - 83. What is w(4)?
5
Let l(q) = -q - 8. Calculate l(-7).
-1
Let p(l) = -l**2 + 18*l + 1. Give p(18).
1
Let v(o) = o**2 + 8*o + 7. Determine v(-6).
-5
Let c(o) = 2*o + 8. Calculate c(2).
12
Let b(j) = -13*j**2 - 2*j - 1. Determine b(-1).
-12
Let f(d) = -30*d**3 - 2*d**2 + 2. Determine f(-1).
30
Let k(x) = x**3 - 7*x**2 + 9*x + 7. Give k(5).
2
Let p(r) = -r**3 - 5*r**2 + 28*r - 14. What is p(4)?
-4